 - k - 2. Determine n(-1).
-28
Let p(x) = -x**2 - 236*x - 13918. What is p(-122)?
-10
Let z(q) = -65*q - 598. Give z(-10).
52
Let f(g) = -2*g**3 + 19*g**2 - 41*g + 143. Determine f(8).
7
Let x(w) = 89*w - 1061. Calculate x(12).
7
Let k(r) = 17*r**2 + 12*r + 1. What is k(-3)?
118
Let c(p) = 4*p**2 - 42*p + 114. Calculate c(6).
6
Let a(o) = -492*o + 34435. What is a(70)?
-5
Let u(c) = 591*c + 1171. Give u(-2).
-11
Let j(p) = 574*p - 6890. Give j(12).
-2
Let u(y) = 4*y**2 + 14*y. What is u(3)?
78
Let s(n) = -4*n**2 + 64*n - 229. What is s(12)?
-37
Let x(o) = -2*o**3 + 4*o**2 + 13*o - 11. Give x(-3).
40
Let m(s) = -20*s + 522. What is m(20)?
122
Let b(v) = -146*v + 8475. Calculate b(58).
7
Let q(v) = 587*v - 14661. Calculate q(25).
14
Let i(c) = -31*c - 202. What is i(-4)?
-78
Let a(i) = -16*i**2 - 119*i + 120. Give a(1).
-15
Let q(m) = -403*m - 9663. What is q(-24)?
9
Let h(p) = p**2 + 51*p + 81. What is h(-49)?
-17
Let x(y) = -y**3 + 44*y**2 + 49*y - 184. Calculate x(45).
-4
Let q(b) = 33*b**2 + 3*b - 12. Calculate q(2).
126
Let c(f) = 31*f**3 + f**2 - 34*f + 33. Determine c(1).
31
Let z(c) = -6*c**3 + c**2 - 9*c - 9. Give z(-1).
7
Let x(q) = 9*q**2 + 331*q + 396. Give x(-35).
-164
Let i(k) = k**3 + 10*k**2 + 2*k - 21. Give i(-10).
-41
Let j(s) = -s**3 - 52*s**2 + 48*s - 272. Calculate j(-53).
-7
Let y(d) = -3*d**2 - 19*d + 18. What is y(1)?
-4
Let c(h) = h**2 - 10*h - 156. Give c(-9).
15
Let p(m) = -19*m - 58. Determine p(11).
-267
Let x(i) = -i**3 - 11*i**2 + 50*i - 94. What is x(-13)?
-406
Let h(a) = -a**3 + 40*a**2 - 103*a + 899. Determine h(38).
-127
Let q(r) = 4*r**3 - 12*r**2 + 118*r - 350. What is q(3)?
4
Let v(c) = -7*c**2 - 22*c + 6. What is v(-2)?
22
Let z(r) = -r**3 + 32*r**2 + 187*r. What is z(0)?
0
Let t(h) = 6*h**3 + 28*h**2 - 57*h + 28. Give t(1).
5
Let w(p) = -p**2 - 72*p + 8505. Calculate w(-135).
0
Let f(x) = 47*x**2 - 2000*x - 902. Determine f(43).
1
Let c(z) = -5*z**3 + 250*z**2 - 1508*z + 150. What is c(43)?
21
Let c(j) = j**3 - 37*j**2 + 291*j - 350. What is c(9)?
1
Let a(o) = o**3 - 7*o**2 + 51*o - 271. Determine a(6).
-1
Let r(v) = 3*v - 85. Calculate r(18).
-31
Let g(m) = m**3 + 18*m**2 + 6*m + 50. What is g(-18)?
-58
Let m(b) = -1786*b - 46450. Give m(-26).
-14
Let y(s) = -302*s - 1482. Give y(-5).
28
Let y(b) = 17*b**3 - 2*b**2 - 11*b - 24. What is y(-3)?
-468
Let w(m) = -22*m - 50. Calculate w(-9).
148
Let c(y) = -151*y**2 - 27*y + 2. What is c(-1)?
-122
Let s(j) = 8*j + 18. Calculate s(-1).
10
Let o(c) = -8*c**2 - 6864*c + 6865. Calculate o(1).
-7
Let b(w) = -w**3 - 20*w**2 - 57*w + 25. Determine b(-10).
-405
Let p(f) = -52*f**3 + 571*f**2 + 5*f + 13. Give p(11).
-53
Let a(z) = -838*z + 2553. What is a(3)?
39
Let q(d) = -299*d - 345. What is q(-1)?
-46
Let l(c) = -43*c - 3359. Give l(-79).
38
Let a(z) = z**3 - 20*z**2 + 48*z - 201. Calculate a(18).
15
Let v(h) = -2*h**2 - 109*h - 1368. What is v(-35)?
-3
Let x(g) = -18*g + 1271. What is x(71)?
-7
Let v(t) = -112*t + 4040. What is v(36)?
8
Let s(r) = 329*r + 1249. Give s(-4).
-67
Let r(d) = -446*d + 6244. Determine r(14).
0
Let g(f) = -5*f - 237. Calculate g(-52).
23
Let l(v) = v**3 + 8*v**2 + 7*v - 51. Determine l(-5).
-11
Let o(j) = 2*j**2 + 246*j - 3. What is o(-122)?
-247
Let b(l) = -4*l**3 - 5*l**2 + 195*l - 163. Calculate b(-8).
5
Let p(r) = -231*r + 5102. Determine p(22).
20
Let f(l) = 10*l + 323. What is f(-31)?
13
Let j(k) = 215*k + 4518. Give j(-21).
3
Let j(z) = 498*z + 12456. What is j(-25)?
6
Let t(a) = 4*a**3 - 28*a**2 - 5*a + 8. What is t(7)?
-27
Let k(z) = z**2 + 1274*z - 5110. What is k(4)?
2
Let y(w) = w**3 - 12*w**2 + 13*w + 10. What is y(10)?
-60
Let t(m) = 2*m**2 + 26*m - 8. Give t(0).
-8
Let p(m) = -5*m**2 - 212*m + 2364. What is p(9)?
51
Let h(y) = -y**3 + 7*y**2 + 6*y - 16. What is h(8)?
-32
Let x(o) = 3534*o + 7072. What is x(-2)?
4
Let n(f) = -169*f**2 - 3040*f + 47. What is n(-18)?
11
Let u(z) = -z**2 + 82*z + 633. Calculate u(90).
-87
Let r(c) = c**2 + 764*c + 53503. What is r(-78)?
-5
Let g(a) = -a**3 - 14*a**2 + 186*a + 2291. What is g(-17)?
-4
Let m(k) = 2*k**3 - 23*k**2 - 121*k - 44. Calculate m(-7).
-1010
Let s(u) = -u**2 - 166*u + 20670. Calculate s(-249).
3
Let s(d) = 6*d**3 + 23*d**2 + 5*d + 17. Give s(-5).
-183
Let w(t) = -t**3 + t**2 + 270*t + 23. What is w(17)?
-11
Let r(g) = -5*g - 241. What is r(-5)?
-216
Let b(u) = -u**3 - 14*u**2 - 19*u - 86. Give b(-13).
-8
Let a(d) = 2*d**3 - 4*d**2 - 136*d + 278. Determine a(2).
6
Let q(v) = -162*v + 14582. Determine q(90).
2
Let g(j) = -57*j. What is g(-4)?
228
Let y(r) = 458*r + 6426. Give y(-14).
14
Let f(b) = -b**3 - 70*b**2 - 62*b + 529. What is f(-69)?
46
Let p(o) = 3*o**3 + 14*o**2 + 24*o + 129. Determine p(-6).
-159
Let g(l) = -2*l**2 + 36*l - 46. Determine g(19).
-84
Let y(k) = k**2 + 38*k + 240. What is y(-27)?
-57
Let s(f) = 9*f**2 + 153*f - 961. Give s(5).
29
Let s(m) = -16*m**2 - 149*m + 8. Determine s(-11).
-289
Let l(v) = -6*v**2 + 5*v - 1. Calculate l(2).
-15
Let a(b) = b**3 - 9*b**2 - 14*b + 137. Give a(9).
11
Let l(x) = 5*x**2 - 163*x + 170. What is l(1)?
12
Let c(t) = -t**2 - 131*t - 1581. What is c(-118)?
-47
Let d(q) = -214*q + 255. What is d(2)?
-173
Let l(r) = r**3 + 11*r**2 - 6*r + 7. Give l(-12).
-65
Let z(a) = -5*a + 44. Calculate z(14).
-26
Let j(m) = -20*m + 810. Give j(36).
90
Let y(q) = 864*q + 2665. What is y(-3)?
73
Let b(h) = h**3 + 12*h**2 - 2271*h + 124. Determine b(42).
-2
Let a(f) = f**3 + 52*f**2 + 351*f + 445. Calculate a(-6).
-5
Let z(h) = -h**3 + 11*h**2 - 20*h + 22. Give z(9).
4
Let h(r) = 2*r**2 + 4*r - 518. Calculate h(15).
-8
Let p(v) = 64*v + 342. Give p(-7).
-106
Let r(m) = -m**3 + 37*m**2 - 44*m + 321. What is r(36)?
33
Let l(c) = -c**3 + 4*c**2 + 140*c - 24. Give l(14).
-24
Let f(b) = 215*b + 1394. Give f(-6).
104
Let r(v) = v**3 - 30*v**2 + 14*v - 32. Calculate r(30).
388
Let p(j) = -381*j + 1025. Give p(3).
-118
Let c(o) = -o**2 + 233*o - 3477. Determine c(16).
-5
Let p(x) = x**2 - 42*x + 311. Give p(30).
-49
Let j(i) = -4*i**2 + 116*i + 261. Give j(31).
13
Let t(v) = v**2 + 151*v + 857. Give t(-6).
-13
Let u(n) = -2*n**2 - 42*n - 253. What is u(-25)?
-453
Let m(q) = -q**2 + 85*q + 842. What is m(94)?
-4
Let x(c) = -c**3 + 28*c**2 + 93*c - 28. What is x(31)?
-28
Let p(i) = -3*i**2 + 203*i + 2087. What is p(-10)?
-243
Let p(c) = 12*c**2 + 89*c - 36. What is p(-8)?
20
Let w(a) = 3*a**2 - 7*a - 1991. Calculate w(27).
7
Let z(a) = a**2 + 147*a + 1450. What is z(-137)?
80
Let v(z) = -266*z - 3456. Calculate v(-13).
2
Let y(x) = -2*x**3 - 10*x**2 - 13*x + 9. Calculate y(-3).
12
Let a(w) = w**3 + 8*w**2 - 84*w - 227. Determine a(-13).
20
Let o(n) = 22*n**3 - 29*n**2 + 30*n. Calculate o(1).
23
Let t(g) = 17*g - 345. Determine t(19).
-22
Let t(o) = 2*o**2 - 4010*o - 12041. Calculate t(-3).
7
Let k(t) = -3941*t - 11820. Determine k(-3).
3
Let t(v) = 631*v - 1320. What is t(2)?
-58
Let m(u) = 3*u**3 + 258*u**2 + 4098*u + 189. Calculate m(-65).
-6
Let d(z) = -3*z + 55. What is d(27)?
-26
Let n(u) = 3*u**2 + 9*u + 5. Give n(-5).
35
Let i(y) = y**3 + 3*y**2 - 40*y + 12. Calculate i(-8).
12
Let f(k) = k**3 - 34*k**2 - 119*k + 296. Give f(37).
0
Let r(a) = 11*a**3 + 107*a**2 - 32*a - 2. What is r(-10)?
18
Let v(o) = -2*o**3 - 44*o**2 + 68. What is v(-22)?
68
Let d(r) = -r**3 - 18*r**2 + 86*r - 53. Calculate d(-22).
-9
Let o(h) = -7705*h - 53936. Calculate o(-7).
-1
Let u(q) = q**3 + 10*q**2 + 2*q + 21. Give u(-9).
84
Let s(v) = -10*v + 679. What is s(66)?
19
Let y(r) = -16*r**2 - 801*r - 19. What is y(-50)?
31
Let n(q) = 170*q + 12924. Determine n(-76).
4
Let w(b) = 528*b - 901. Determine w(2).
155
Let w(z) = -10*z - 76. Determine w(-3).
-46
Let n(m) = -113*m - 6226. What is n(-55)?
-11
Let l(z) = -5*z**2 - 227*z - 516. What is l(-44)?
-208
Let w(o) = -6242*o - 37426. Give w(-6).
26
Let z(x) = -3054*x - 76360. Calculate z(-25).
-10
Let r(f) = -13*f - 95. What is r(-11)?
48
Let z(u) = u**3 - 63*u**2 - 416*u + 151. Calculate z(69).
13
Let o(s) = 9*s**2 - 41*s - 55. Calculate o(-3).
149
Let j(z) = 15*z + 240. Determine j(-13).
45
Let q(n) = -n**2 - 32*n + 286. What is q(-34)?
218
Let t(d) = -10*d**2 - 135*d + 86. Determine t(-14).
16
Let u(q) = q**3 - 20*q**2 + 3*q - 1645. Give u(23).
11
Let s(d) = d**3 - 65*d**2 + 47*d + 1087. What is s(64)?
-1
Let c(